{"id":376,"date":"2020-06-13T17:21:45","date_gmt":"2020-06-13T17:21:45","guid":{"rendered":"https:\/\/aslimpieza.mx\/?page_id=376"},"modified":"2020-06-15T18:07:03","modified_gmt":"2020-06-15T18:07:03","slug":"servicio-de-desinfeccion-y-sanitizacion","status":"publish","type":"page","link":"https:\/\/aslimpieza.mx\/index.php\/servicio-de-desinfeccion-y-sanitizacion\/","title":{"rendered":"SERVICIO DE DESINFECCI\u00d3N Y SANITIZACI\u00d3N"},"content":{"rendered":"\n<h2 class=\"has-text-align-center\">\u00a1Protege tu Negocio y Evita el Contagio!<\/h2>\n\n\n\n<hr class=\"wp-block-separator\"\/>\n\n\n\n<div class=\"is-layout-flex wp-container-13 wp-block-columns\">\n<div class=\"is-layout-flow wp-block-column\">\n<div class=\"is-layout-flex wp-container-3 wp-block-columns\">\n<div class=\"is-layout-flow wp-block-column\" style=\"flex-basis:33.33%\">\n<i class=\"far fa-calendar-check fa-3x\"><\/i>\n<\/div>\n\n\n\n<div class=\"is-layout-flow wp-block-column\" style=\"flex-basis:66.66%\">\n<p class=\"has-text-align-left\"><strong>Brindamos servicios peri\u00f3dicos de limpieza y sanitizaci\u00f3n profesional.<\/strong><\/p>\n<\/div>\n<\/div>\n<\/div>\n\n\n\n<div class=\"is-layout-flow wp-block-column\">\n<div class=\"is-layout-flex wp-container-7 wp-block-columns\">\n<div class=\"is-layout-flow wp-block-column\" style=\"flex-basis:33.33%\">\n<i class=\"fas fa-virus-slash fa-3x\"><\/i>\n<\/div>\n\n\n\n<div class=\"is-layout-flow wp-block-column\" style=\"flex-basis:66.66%\">\n<p class=\"has-text-align-left\"><strong>Disminuimos los microorganismos hasta un 99.9% por ciento.<\/strong><\/p>\n<\/div>\n<\/div>\n<\/div>\n\n\n\n<div class=\"is-layout-flow wp-block-column\">\n<div class=\"is-layout-flex wp-container-11 wp-block-columns\">\n<div class=\"is-layout-flow wp-block-column\" style=\"flex-basis:33.33%\">\n<i class=\"fas fa-pump-soap fa-3x\"><\/i>\n<\/div>\n\n\n\n<div class=\"is-layout-flow wp-block-column\" style=\"flex-basis:66.66%\">\n<p class=\"has-text-align-left\"><strong>Cuidamos su prestigio: sanitizamos oficinas, laboratorios, ba\u00f1os, escuelas, comedores, cocinas, etc.<\/strong><\/p>\n<\/div>\n<\/div>\n<\/div>\n<\/div>\n\n\n\n<div class=\"is-layout-flex wp-container-16 wp-block-columns\">\n<div class=\"is-layout-flow wp-block-column\">\n<p class=\"has-text-align-left\">Ofrecemos servicios altamente profesionales de&nbsp;<strong>Desinfecci\u00f3n y Sanitizaci\u00f3n<\/strong>, espec\u00edficamente enfocados para:<\/p>\n\n\n\n<ul class=\"alineacion\"><li>Establecimientos Educativos<\/li><li>Gimnasios, Albercas, Clubes y Centros Deportivos<\/li><li>Cocinas Industriales<\/li><li>\u00c1reas comunes y jardines<\/li><li>Oficinas y salas de juntas<\/li><li>Laboratorios<\/li><\/ul>\n\n\n\n<p class=\"has-text-align-left\">El&nbsp;<strong>objetivo principal<\/strong>&nbsp;es que las instalaciones se mantengan&nbsp;<strong>libres de g\u00e9rmenes pat\u00f3genos<\/strong>, reduciendo el microbismo ambiental y aumentando la Protecci\u00f3n Sanitaria.<\/p>\n<\/div>\n\n\n\n<div class=\"is-layout-flow wp-block-column\">\n<figure class=\"wp-block-image size-large\"><img decoding=\"async\" loading=\"lazy\" width=\"503\" height=\"400\" src=\"https:\/\/aslimpieza.mx\/wp-content\/uploads\/2020\/06\/sanitizacion-inmuebles.jpg\" alt=\"\" class=\"wp-image-402\" srcset=\"https:\/\/aslimpieza.mx\/wp-content\/uploads\/2020\/06\/sanitizacion-inmuebles.jpg 503w, https:\/\/aslimpieza.mx\/wp-content\/uploads\/2020\/06\/sanitizacion-inmuebles-300x239.jpg 300w\" sizes=\"(max-width: 503px) 100vw, 503px\" \/><\/figure>\n<\/div>\n<\/div>\n\n\n\n<div class=\"is-layout-flow wp-block-group\"><div class=\"wp-block-group__inner-container\">\n<div class=\"is-layout-flex wp-container-19 wp-block-columns\">\n<div class=\"is-layout-flow wp-block-column\">\n<figure class=\"wp-block-image size-large\"><img decoding=\"async\" loading=\"lazy\" width=\"666\" height=\"388\" src=\"https:\/\/aslimpieza.mx\/wp-content\/uploads\/2020\/06\/as-limpieza-sanitizacion-casas.jpeg\" alt=\"as-limpieza-trabajo-4\" class=\"wp-image-433\" srcset=\"https:\/\/aslimpieza.mx\/wp-content\/uploads\/2020\/06\/as-limpieza-sanitizacion-casas.jpeg 666w, https:\/\/aslimpieza.mx\/wp-content\/uploads\/2020\/06\/as-limpieza-sanitizacion-casas-300x175.jpeg 300w\" sizes=\"(max-width: 666px) 100vw, 666px\" \/><\/figure>\n\n\n\n<h4 class=\"has-text-align-center\"><strong>Casas y Departamentos<\/strong><\/h4>\n\n\n\n<hr class=\"wp-block-separator\"\/>\n\n\n\n<ul class=\"alineacion\"><li>Personal calificado para realizar la sanitizaci\u00f3n y desinfecci\u00f3n.<\/li><li>No causa ning\u00fan riesgo para la salud.<\/li><li>Desinfecci\u00f3n segura contra esporas, virus, bacterias y hongos.<\/li><\/ul>\n\n\n\n<p><\/p>\n<\/div>\n\n\n\n<div class=\"is-layout-flow wp-block-column\">\n<figure class=\"wp-block-image size-large\"><img decoding=\"async\" loading=\"lazy\" width=\"800\" height=\"472\" src=\"https:\/\/aslimpieza.mx\/wp-content\/uploads\/2020\/06\/as-limpieza-sanitizacion-oficinas-e1592238234411.jpg\" alt=\"\" class=\"wp-image-439\" srcset=\"https:\/\/aslimpieza.mx\/wp-content\/uploads\/2020\/06\/as-limpieza-sanitizacion-oficinas-e1592238234411.jpg 800w, https:\/\/aslimpieza.mx\/wp-content\/uploads\/2020\/06\/as-limpieza-sanitizacion-oficinas-e1592238234411-300x177.jpg 300w, https:\/\/aslimpieza.mx\/wp-content\/uploads\/2020\/06\/as-limpieza-sanitizacion-oficinas-e1592238234411-768x453.jpg 768w\" sizes=\"(max-width: 800px) 100vw, 800px\" \/><\/figure>\n\n\n\n<h4 class=\"has-text-align-center\"><strong>Oficinas<\/strong><\/h4>\n\n\n\n<hr class=\"wp-block-separator\"\/>\n\n\n\n<ul class=\"alineacion\"><li>Tu personal podr\u00e1 regresar a un centro de trabajo m\u00e1s sano y limpio.<\/li><li>Personal calificado para realizar la sanitizaci\u00f3n y desinfecci\u00f3n.<\/li><li>Elimina el <strong>99.9%<\/strong> de los agentes pat\u00f3genos.<\/li><\/ul>\n<\/div>\n<\/div>\n<\/div><\/div>\n\n\n\n<div class=\"is-layout-flex wp-container-23 wp-block-columns\">\n<div class=\"is-layout-flow wp-block-column\">\n<figure class=\"wp-block-image size-large\"><img decoding=\"async\" loading=\"lazy\" width=\"1024\" height=\"512\" src=\"https:\/\/aslimpieza.mx\/wp-content\/uploads\/2020\/06\/as-limpieza-sanitizacion-escuelas-1024x512.jpg\" alt=\"\" class=\"wp-image-434\" srcset=\"https:\/\/aslimpieza.mx\/wp-content\/uploads\/2020\/06\/as-limpieza-sanitizacion-escuelas-1024x512.jpg 1024w, https:\/\/aslimpieza.mx\/wp-content\/uploads\/2020\/06\/as-limpieza-sanitizacion-escuelas-300x150.jpg 300w, https:\/\/aslimpieza.mx\/wp-content\/uploads\/2020\/06\/as-limpieza-sanitizacion-escuelas-768x384.jpg 768w, https:\/\/aslimpieza.mx\/wp-content\/uploads\/2020\/06\/as-limpieza-sanitizacion-escuelas-1536x768.jpg 1536w, https:\/\/aslimpieza.mx\/wp-content\/uploads\/2020\/06\/as-limpieza-sanitizacion-escuelas-1920x960.jpg 1920w, https:\/\/aslimpieza.mx\/wp-content\/uploads\/2020\/06\/as-limpieza-sanitizacion-escuelas.jpg 2000w\" sizes=\"(max-width: 1024px) 100vw, 1024px\" \/><\/figure>\n\n\n\n<h4 class=\"has-text-align-center\"><strong>Escuelas<\/strong><\/h4>\n\n\n\n<hr class=\"wp-block-separator\"\/>\n\n\n\n<ul class=\"alineacion\"><li>Limpiamos las \u00e1reas comunes para evitar el riesgo de contagio del<strong> COVID-19<\/strong>.<\/li><li>Desinfectamos aulas, ba\u00f1os, areas recreativas, comedores, etc.<\/li><li>No causa ning\u00fan riesgo para la salud.<\/li><\/ul>\n<\/div>\n\n\n\n<div class=\"is-layout-flow wp-block-column\">\n<figure class=\"wp-block-image size-large\"><img decoding=\"async\" loading=\"lazy\" width=\"1024\" height=\"504\" src=\"https:\/\/aslimpieza.mx\/wp-content\/uploads\/2020\/06\/as-limpieza-sanitizacion-fabricas-e1592238559350.jpg\" alt=\"as-limpieza-sanitizacion-fabricas\" class=\"wp-image-442\" srcset=\"https:\/\/aslimpieza.mx\/wp-content\/uploads\/2020\/06\/as-limpieza-sanitizacion-fabricas-e1592238559350.jpg 1024w, https:\/\/aslimpieza.mx\/wp-content\/uploads\/2020\/06\/as-limpieza-sanitizacion-fabricas-e1592238559350-300x148.jpg 300w, https:\/\/aslimpieza.mx\/wp-content\/uploads\/2020\/06\/as-limpieza-sanitizacion-fabricas-e1592238559350-768x378.jpg 768w\" sizes=\"(max-width: 1024px) 100vw, 1024px\" \/><\/figure>\n\n\n\n<h4 class=\"has-text-align-center\">Laboratorios y Fabricas<\/h4>\n\n\n\n<hr class=\"wp-block-separator\"\/>\n\n\n\n<ul class=\"alineacion\"><li>Personal calificado para realizar la sanitizaci\u00f3n y desinfecci\u00f3n.<\/li><li>Elimina el <strong>99.9%<\/strong> de los agentes pat\u00f3genos.<\/li><li>Desinfecci\u00f3n segura contra esporas, virus, bacterias y hongos.<\/li><\/ul>\n<\/div>\n<\/div>\n\n\n\n<div class=\"is-layout-flex wp-container-26 wp-block-columns\">\n<div class=\"is-layout-flow wp-block-column\">\n<figure class=\"wp-block-image size-large\"><img decoding=\"async\" loading=\"lazy\" width=\"700\" height=\"486\" src=\"https:\/\/aslimpieza.mx\/wp-content\/uploads\/2020\/06\/as-limpieza-sanitizacion-manos-superficies.jpg\" alt=\"as-limpieza-sanitizacion-manos-superficies\" class=\"wp-image-443\" srcset=\"https:\/\/aslimpieza.mx\/wp-content\/uploads\/2020\/06\/as-limpieza-sanitizacion-manos-superficies.jpg 700w, https:\/\/aslimpieza.mx\/wp-content\/uploads\/2020\/06\/as-limpieza-sanitizacion-manos-superficies-300x208.jpg 300w\" sizes=\"(max-width: 700px) 100vw, 700px\" \/><\/figure>\n<\/div>\n\n\n\n<div class=\"is-layout-flow wp-block-column\">\n<h3 class=\"has-text-align-left\" id=\"alineacion\">Sanatizantes para manos y superficies<\/h3>\n\n\n\n<hr class=\"wp-block-separator\"\/>\n\n\n\n<p class=\"alineacion\">Desinfecta tus manos y superficies, mesas, chapas, celular, \u00e1reas de trabajo, veh\u00edculo y objetos en general.<\/p>\n\n\n\n<p class=\"alineacion\">Elimina el <strong>99.9%<\/strong> de agentes pat\u00f3genos en menos de 1 minuto.<\/p>\n\n\n\n<p class=\"alineacion\">No toxico, no irritante y no corrosivo.<\/p>\n<\/div>\n<\/div>\n\n\n\n<div class=\"is-layout-flex wp-container-30 wp-block-columns contacto-desinfectar\">\n<div class=\"is-layout-flow wp-block-column\" style=\"flex-basis:25%\"><\/div>\n\n\n\n<div class=\"is-layout-flow wp-block-column\" style=\"flex-basis:50%\">\n<h4 class=\"has-text-color has-text-align-center\" style=\"color:#ffffff\"><strong>Ponte en contacto con nosotros para darte toda la informaci\u00f3n requerida.<\/strong><\/h4>\n\n\n<div role=\"form\" class=\"wpcf7\" id=\"wpcf7-f8-o1\" lang=\"es-MX\" dir=\"ltr\">\n<div class=\"screen-reader-response\" role=\"alert\" aria-live=\"polite\"><\/div>\n<form action=\"\/index.php\/wp-json\/wp\/v2\/pages\/376#wpcf7-f8-o1\" method=\"post\" class=\"wpcf7-form init\" novalidate=\"novalidate\">\n<div style=\"display: none;\">\n<input type=\"hidden\" name=\"_wpcf7\" value=\"8\" \/>\n<input type=\"hidden\" name=\"_wpcf7_version\" value=\"5.2.2\" \/>\n<input type=\"hidden\" name=\"_wpcf7_locale\" value=\"es_MX\" \/>\n<input type=\"hidden\" name=\"_wpcf7_unit_tag\" value=\"wpcf7-f8-o1\" \/>\n<input type=\"hidden\" name=\"_wpcf7_container_post\" value=\"0\" \/>\n<input type=\"hidden\" name=\"_wpcf7_posted_data_hash\" value=\"\" \/>\n<\/div>\n<p><label> Nombre (requerido)<br \/>\n    <span class=\"wpcf7-form-control-wrap your-name\"><input type=\"text\" name=\"your-name\" value=\"\" size=\"40\" class=\"wpcf7-form-control wpcf7-text wpcf7-validates-as-required\" aria-required=\"true\" aria-invalid=\"false\" \/><\/span> <\/label><\/p>\n<p><label> Correo electr\u00f3nico (requerido)<br \/>\n    <span class=\"wpcf7-form-control-wrap your-email\"><input type=\"email\" name=\"your-email\" value=\"\" size=\"40\" class=\"wpcf7-form-control wpcf7-text wpcf7-email wpcf7-validates-as-required wpcf7-validates-as-email\" aria-required=\"true\" aria-invalid=\"false\" \/><\/span> <\/label><\/p>\n<p><label> Tel\u00e9fono (requerido)<br \/>\n    <span class=\"wpcf7-form-control-wrap tel-14\"><input type=\"tel\" name=\"tel-14\" value=\"\" size=\"40\" class=\"wpcf7-form-control wpcf7-text wpcf7-tel wpcf7-validates-as-required wpcf7-validates-as-tel\" aria-required=\"true\" aria-invalid=\"false\" \/><\/span> <\/label><\/p>\n<p><label> Asunto<br \/>\n    <span class=\"wpcf7-form-control-wrap your-subject\"><input type=\"text\" name=\"your-subject\" value=\"\" size=\"40\" class=\"wpcf7-form-control wpcf7-text\" aria-invalid=\"false\" \/><\/span> <\/label><\/p>\n<p><label> Mensaje<br \/>\n    <span class=\"wpcf7-form-control-wrap your-message\"><textarea name=\"your-message\" cols=\"40\" rows=\"10\" class=\"wpcf7-form-control wpcf7-textarea\" aria-invalid=\"false\"><\/textarea><\/span> <\/label><\/p>\n<p><input type=\"submit\" value=\"Enviar\" class=\"wpcf7-form-control wpcf7-submit\" \/><\/p>\n<div class=\"wpcf7-response-output\" role=\"alert\" aria-hidden=\"true\"><\/div><\/form><\/div>\n\n\n\n<p><\/p>\n<\/div>\n\n\n\n<div class=\"is-layout-flow wp-block-column\" style=\"flex-basis:25%\"><\/div>\n<\/div>\n\n\n\n<p><\/p>\n","protected":false},"excerpt":{"rendered":"<p>\u00a1Protege tu Negocio y Evita el Contagio! Brindamos servicios peri\u00f3dicos de limpieza y sanitizaci\u00f3n profesional. Disminuimos los microorganismos hasta un 99.9% por ciento. Cuidamos su prestigio: sanitizamos oficinas, laboratorios, ba\u00f1os, escuelas, comedores, cocinas, etc. Ofrecemos servicios altamente profesionales de&nbsp;Desinfecci\u00f3n y Sanitizaci\u00f3n, espec\u00edficamente enfocados para: Establecimientos Educativos Gimnasios, Albercas, Clubes y Centros Deportivos Cocinas Industriales \u00c1reas&hellip; <br \/> <a class=\"button small blue\" href=\"https:\/\/aslimpieza.mx\/index.php\/servicio-de-desinfeccion-y-sanitizacion\/\">Read more<\/a><\/p>\n","protected":false},"author":1,"featured_media":379,"parent":0,"menu_order":0,"comment_status":"closed","ping_status":"closed","template":"","meta":[],"yoast_head":"<!-- This site is optimized with the Yoast SEO plugin v14.9 - https:\/\/yoast.com\/wordpress\/plugins\/seo\/ -->\n<title>SERVICIO DE DESINFECCI\u00d3N Y SANITIZACI\u00d3N - As Limpieza S.A. de C.V.<\/title>\n<meta name=\"description\" content=\"Ofrecemos servicios altamente profesionales de Desinfecci\u00f3n y Sanitizaci\u00f3n, para evitar el contagio de COVID-19\" \/>\n<meta name=\"robots\" content=\"index, follow, max-snippet:-1, max-image-preview:large, max-video-preview:-1\" \/>\n<link rel=\"canonical\" href=\"https:\/\/aslimpieza.mx\/index.php\/servicio-de-desinfeccion-y-sanitizacion\/\" \/>\n<meta property=\"og:locale\" content=\"es_MX\" \/>\n<meta property=\"og:type\" content=\"article\" \/>\n<meta property=\"og:title\" content=\"SERVICIO DE DESINFECCI\u00d3N Y SANITIZACI\u00d3N - As Limpieza S.A. de C.V.\" \/>\n<meta property=\"og:description\" content=\"Ofrecemos servicios altamente profesionales de Desinfecci\u00f3n y Sanitizaci\u00f3n, para evitar el contagio de COVID-19\" \/>\n<meta property=\"og:url\" content=\"https:\/\/aslimpieza.mx\/index.php\/servicio-de-desinfeccion-y-sanitizacion\/\" \/>\n<meta property=\"og:site_name\" content=\"As Limpieza S.A. de C.V.\" \/>\n<meta property=\"article:publisher\" content=\"https:\/\/www.facebook.com\/AsLimpiezaSA\/\" \/>\n<meta property=\"article:modified_time\" content=\"2020-06-15T18:07:03+00:00\" \/>\n<meta property=\"og:image\" content=\"https:\/\/aslimpieza.mx\/wp-content\/uploads\/2020\/06\/sanitizacion-2at.jpg\" \/>\n\t<meta property=\"og:image:width\" content=\"600\" \/>\n\t<meta property=\"og:image:height\" content=\"240\" \/>\n<meta name=\"twitter:card\" content=\"summary_large_image\" \/>\n<script type=\"application\/ld+json\" class=\"yoast-schema-graph\">{\"@context\":\"https:\/\/schema.org\",\"@graph\":[{\"@type\":\"Organization\",\"@id\":\"https:\/\/aslimpieza.mx\/#organization\",\"name\":\"As Limpieza S.A. de C.V.\",\"url\":\"https:\/\/aslimpieza.mx\/\",\"sameAs\":[\"https:\/\/www.facebook.com\/AsLimpiezaSA\/\"],\"logo\":{\"@type\":\"ImageObject\",\"@id\":\"https:\/\/aslimpieza.mx\/#logo\",\"inLanguage\":\"es-MX\",\"url\":\"https:\/\/aslimpieza.mx\/wp-content\/uploads\/2020\/02\/logo-as-limpieza.png\",\"width\":804,\"height\":288,\"caption\":\"As Limpieza S.A. de C.V.\"},\"image\":{\"@id\":\"https:\/\/aslimpieza.mx\/#logo\"}},{\"@type\":\"WebSite\",\"@id\":\"https:\/\/aslimpieza.mx\/#website\",\"url\":\"https:\/\/aslimpieza.mx\/\",\"name\":\"As Limpieza S.A. de C.V.\",\"description\":\"Realizamos todo tipo de relacionado con limpieza\",\"publisher\":{\"@id\":\"https:\/\/aslimpieza.mx\/#organization\"},\"potentialAction\":[{\"@type\":\"SearchAction\",\"target\":\"https:\/\/aslimpieza.mx\/?s={search_term_string}\",\"query-input\":\"required name=search_term_string\"}],\"inLanguage\":\"es-MX\"},{\"@type\":\"ImageObject\",\"@id\":\"https:\/\/aslimpieza.mx\/index.php\/servicio-de-desinfeccion-y-sanitizacion\/#primaryimage\",\"inLanguage\":\"es-MX\",\"url\":\"https:\/\/aslimpieza.mx\/wp-content\/uploads\/2020\/06\/sanitizacion-2at.jpg\",\"width\":600,\"height\":240,\"caption\":\"servicio-sanitizacion-desinfeccion\"},{\"@type\":\"WebPage\",\"@id\":\"https:\/\/aslimpieza.mx\/index.php\/servicio-de-desinfeccion-y-sanitizacion\/#webpage\",\"url\":\"https:\/\/aslimpieza.mx\/index.php\/servicio-de-desinfeccion-y-sanitizacion\/\",\"name\":\"SERVICIO DE DESINFECCI\\u00d3N Y SANITIZACI\\u00d3N - As Limpieza S.A. de C.V.\",\"isPartOf\":{\"@id\":\"https:\/\/aslimpieza.mx\/#website\"},\"primaryImageOfPage\":{\"@id\":\"https:\/\/aslimpieza.mx\/index.php\/servicio-de-desinfeccion-y-sanitizacion\/#primaryimage\"},\"datePublished\":\"2020-06-13T17:21:45+00:00\",\"dateModified\":\"2020-06-15T18:07:03+00:00\",\"description\":\"Ofrecemos servicios altamente profesionales de Desinfecci\\u00f3n y Sanitizaci\\u00f3n, para evitar el contagio de COVID-19\",\"breadcrumb\":{\"@id\":\"https:\/\/aslimpieza.mx\/index.php\/servicio-de-desinfeccion-y-sanitizacion\/#breadcrumb\"},\"inLanguage\":\"es-MX\",\"potentialAction\":[{\"@type\":\"ReadAction\",\"target\":[\"https:\/\/aslimpieza.mx\/index.php\/servicio-de-desinfeccion-y-sanitizacion\/\"]}]},{\"@type\":\"BreadcrumbList\",\"@id\":\"https:\/\/aslimpieza.mx\/index.php\/servicio-de-desinfeccion-y-sanitizacion\/#breadcrumb\",\"itemListElement\":[{\"@type\":\"ListItem\",\"position\":1,\"item\":{\"@type\":\"WebPage\",\"@id\":\"https:\/\/aslimpieza.mx\/\",\"url\":\"https:\/\/aslimpieza.mx\/\",\"name\":\"Inicio\"}},{\"@type\":\"ListItem\",\"position\":2,\"item\":{\"@type\":\"WebPage\",\"@id\":\"https:\/\/aslimpieza.mx\/index.php\/servicio-de-desinfeccion-y-sanitizacion\/\",\"url\":\"https:\/\/aslimpieza.mx\/index.php\/servicio-de-desinfeccion-y-sanitizacion\/\",\"name\":\"SERVICIO DE DESINFECCI\\u00d3N Y SANITIZACI\\u00d3N\"}}]}]}<\/script>\n<!-- \/ Yoast SEO plugin. -->","_links":{"self":[{"href":"https:\/\/aslimpieza.mx\/index.php\/wp-json\/wp\/v2\/pages\/376"}],"collection":[{"href":"https:\/\/aslimpieza.mx\/index.php\/wp-json\/wp\/v2\/pages"}],"about":[{"href":"https:\/\/aslimpieza.mx\/index.php\/wp-json\/wp\/v2\/types\/page"}],"author":[{"embeddable":true,"href":"https:\/\/aslimpieza.mx\/index.php\/wp-json\/wp\/v2\/users\/1"}],"replies":[{"embeddable":true,"href":"https:\/\/aslimpieza.mx\/index.php\/wp-json\/wp\/v2\/comments?post=376"}],"version-history":[{"count":38,"href":"https:\/\/aslimpieza.mx\/index.php\/wp-json\/wp\/v2\/pages\/376\/revisions"}],"predecessor-version":[{"id":448,"href":"https:\/\/aslimpieza.mx\/index.php\/wp-json\/wp\/v2\/pages\/376\/revisions\/448"}],"wp:featuredmedia":[{"embeddable":true,"href":"https:\/\/aslimpieza.mx\/index.php\/wp-json\/wp\/v2\/media\/379"}],"wp:attachment":[{"href":"https:\/\/aslimpieza.mx\/index.php\/wp-json\/wp\/v2\/media?parent=376"}],"curies":[{"name":"wp","href":"https:\/\/api.w.org\/{rel}","templated":true}]}}